-m*v = -f*v + 45. List the prime factors of v.
3
Suppose -5*n = g + 12, 8*g = 4*g + 2*n + 18. Suppose -8 = -a - 3*w, 0 = g*a - 2*w + 3*w. What are the prime factors of (-69)/(-6)*(1 - a)?
23
Let j = 18 + -10. Let u = j - 5. Suppose -s - u*x = -4 - 12, -5*x = -20. List the prime factors of s.
2
Let z(n) = -n**3 + 10*n**2 - 4*n - 7. What are the prime factors of z(6)?
113
Let v be -1*(-2 + (-2)/1). Suppose -v*x = 4 - 32. Suppose 2*o = x - 1. What are the prime factors of o?
3
Let w = 8 - 1. What are the prime factors of w?
7
Let i be 4/(-12) + (-7)/(-3). Let z = i - 1. Suppose -7 + z = -2*k. What are the prime factors of k?
3
Let n be -2 + -2*21/(-6). Let f = -9 + 12. Suppose f*h + 0 = -x + 7, -9 = 4*h + n*x. What are the prime factors of h?
2
Suppose y - 36 - 12 = 0. What are the prime factors of y?
2, 3
Suppose 2*i = -2*i - 36. Let y = -7 - i. Suppose 2*m - 5*m + 65 = -y*g, 5*g - 75 = -5*m. What are the prime factors of m?
19
Let b = -7 - -8. Let x = 1 - b. Suppose l + 11 = 3*c, 2*c - 14 = -l - x*l. List the prime factors of c.
5
Suppose 3*j - 125 = -2*c, -5*c = -2*j - 0*j - 265. What are the prime factors of c?
5, 11
Suppose -576 = -4*r - 2*r. List the prime factors of r.
2, 3
Suppose -4*y - y = 45. Let x be (13 + -1)*(-6)/y. Suppose 6*a = 4*a + x. What are the prime factors of a?
2
Let p = 2 - 18. Let d be (p/(-12))/(2/(-6)). List the prime factors of (8/6)/(d/(-24)).
2
Let g = 15 + -9. Suppose 3 - 1 = y. What are the prime factors of (32/12)/(y/g)?
2
Let z = 13 - 7. Let o be (4 - 1/(-1)) + 0. Suppose z*d + 8 = b + o*d, d - 3 = 0. List the prime factors of b.
11
Suppose 7*u - 52 = 3*u. What are the prime factors of u?
13
Let u be 0 - (-1)/((-2)/(-20)). Let j = 3 + -8. Let c = j + u. List the prime factors of c.
5
Suppose -2*g = -x + 7 - 35, -2*x = -2*g + 28. Suppose n - 3*i = g, -5*n + 22 + 48 = 5*i. What are the prime factors of n?
2, 7
Let a(q) = q**3 + 10*q**2 + 5*q + 3. What are the prime factors of a(-6)?
3, 13
Let t(o) = o**3 + 5*o**2 - 3*o**3 + o**3 + o. Suppose -12*m + 13*m = 5. List the prime factors of t(m).
5
Suppose -2*d = 2*o - 108, 0 = -2*o + 4*d + 14 + 94. List the prime factors of o.
2, 3
Let h(m) = -8*m + 8. What are the prime factors of h(-18)?
2, 19
List the prime factors of (4 - 1)*168/9.
2, 7
Let o = 25 - 11. Suppose o = 5*v - 46. Suppose u - v = -0*u + 2*q, 5*u - 44 = 2*q. What are the prime factors of u?
2
Suppose -4*t - 30 = t. Let d = 61 + -93. What are the prime factors of d/(-3) - t/(-9)?
2, 5
Let q = -18 + 34. Let i be (-5 + 1)*(-76)/q. List the prime factors of 3/6 - i/(-2).
2, 5
Suppose 3*y - 38 = -2*u, 5*u + y - 117 = -y. List the prime factors of u.
5
Let r = 15 + -3. List the prime factors of r + -2 + (-9)/(-3).
13
Let i be 1*-2*(-6)/4. Suppose 5*q + 0*z = -2*z + 121, -3*q + i*z + 81 = 0. List the prime factors of q.
5
Suppose -3*p = -2*p - 6. List the prime factors of p.
2, 3
Let d(l) = 13*l**2 + 25*l - 5. List the prime factors of d(5).
5, 89
Let n(f) be the second derivative of f**3/3 - 4*f**2 + 2*f. Let i be n(-10). Let d = i - -40. List the prime factors of d.
2, 3
Suppose 4*h + 133 = d, 2*h - 354 = -3*d + 5*h. What are the prime factors of d?
113
What are the prime factors of (-93 - (-3 - -2))/(-2)?
2, 23
Let j(p) = p**3 - p + 17. Let y = -9 - -9. What are the prime factors of j(y)?
17
Suppose -58 = -5*j - i + 22, -48 = -3*j + 5*i. Suppose -v = v - j. Let n(o) = o**2 - 8*o + 11. What are the prime factors of n(v)?
11
List the prime factors of (-10)/(-25) + (-714)/(-15).
2, 3
Let b be 1*-1*(4 - 4). Suppose s + 4*s - 150 = b. Suppose 21 = 2*q + 3*i, 2*q - 5*q - 4*i = -s. List the prime factors of q.
2, 3
Suppose -2 - 8 = -2*c, 2*j = 5*c + 9. What are the prime factors of j?
17
Suppose -2*y = -o + 2*o - 19, -4*y = 3*o - 37. Let f be 2/(-5) - (-4)/y. Suppose f = 4*n - 5*n + 6. List the prime factors of n.
2, 3
Let m be (-4)/10 + 144/60. Suppose -w - m*l + 17 = -49, -5*l - 285 = -5*w. List the prime factors of w.
2, 3, 5
Suppose 0 = -3*d + 6 - 0. Suppose -3*p + 45 = d*p. What are the prime factors of p?
3
Suppose -191 = -4*u + b, 7 = -5*b + 32. What are the prime factors of u?
7
Let z(c) = 3*c. Let o be z(-4). What are the prime factors of (-2 + 12)/(o/(-18))?
3, 5
What are the prime factors of (-2 - -100) + -7 + 9?
2, 5
Let l(w) = -w**2 + 11*w + 1. Let k be (1 + 3)/((-6)/(-12)). What are the prime factors of l(k)?
5
Suppose -2*l + p = -6*l + 21, 2*p = -l. Suppose -o + 1 = l, -19 = -2*t - o. Suppose t + 6 = 2*c. List the prime factors of c.
3
Suppose 0*p = -2*p - 5*l - 10, -4*p - 2*l = -12. What are the prime factors of p?
5
Suppose -m - 34 = -5*m + 2*k, -m - 3*k + 5 = 0. Let j(v) = v**3 - 7*v**2 + 5*v + 8. Let l be j(6). What are the prime factors of m + -1 - l*1?
5
Let t(w) = -5*w + 8. Let q(l) = -4*l + 7. Let r(j) = 4*q(j) - 5*t(j). What are the prime factors of r(6)?
2, 3, 7
Let q(z) = -z**3 - 9*z**2 + 3. Let j be q(-9). Suppose j*c - c = 4*s, -7 = c + 5*s. List the prime factors of ((-36)/3)/c - 0.
2, 3
What are the prime factors of ((-80)/(-6))/((-1)/(-18))?
2, 3, 5
Let v(c) = -c**2 + 12*c - 11. Suppose a - 30 = -2*a. What are the prime factors of v(a)?
3
Let a(l) = -l**3 + 24*l**2 - 15*l + 72. List the prime factors of a(23).
2
Let c be (-3 + 3 + 3)*1. Suppose c*f = f. List the prime factors of (f + -4)*17/(-4).
17
Let y = -76 + 107. List the prime factors of y.
31
Suppose 5*n = x - 8, -2*x + 7 = 2*n - 3*n. List the prime factors of 4 - 6/x - -24.
2, 13
Let k = 2 + 2. List the prime factors of 13 + -1 - (k + -7).
3, 5
List the prime factors of (28 + -12)*(0 - -2).
2
Let k be (2 - 1*6)*-1. Suppose -2*x = -b + 3*b + 2, k*x + 16 = -b. Suppose b*i - 30 = -2. What are the prime factors of i?
7
Let n be ((-2)/(-4))/(3/6). List the prime factors of n + -5 + 2 + 20.
2, 3
Suppose 5*b - 1638 = -2*b. List the prime factors of b.
2, 3, 13
Suppose -109 + 9 = -5*a. What are the prime factors of a?
2, 5
Let o(q) = -q + 4. Suppose v + 5*f = 20, v - 5*f = 3*v - 20. Let r be o(v). Let x(t) = t**3 - 4*t**2 + 2*t - 4. What are the prime factors of x(r)?
2
Suppose -8*q = -4*q - 160. Suppose 7*l = 3*l + q. What are the prime factors of l?
2, 5
Let m(l) = l + 2. Let b = 5 + 1. Let c = b + 0. What are the prime factors of m(c)?
2
Let i(n) = -5*n + 6 - 3*n**2 + 4*n + 6*n**2 - 5*n. What are the prime factors of i(4)?
2, 3, 5
Let f be (0 - 10/2)*1. Let v = f + 5. What are the prime factors of -1*(-1 - v) + 9?
2, 5
Suppose t + 2*h + 114 = 2*t, t - 5*h - 108 = 0. What are the prime factors of t?
2, 59
Suppose 5*q = 4*t + 576, 2*q + 31 - 235 = -5*t. Suppose 0 = 2*r - 3*d + 64, 3*r - 7*r + 2*d = q. What are the prime factors of r/(-4)*4/2?
13
Let a be 0/((-6)/(-2) + -1). Suppose a = -2*c - 2 + 12. Suppose -2*i = 5*v - 22, 2*v = -2*v + c*i + 11. List the prime factors of v.
2
Suppose -l + 2*l - 3 = 0. Suppose 86 = 4*w - 2*d, -w + l*d - 60 = -4*w. List the prime factors of w.
3, 7
Let t = 229 - 110. What are the prime factors of t?
7, 17
Let a(j) = j**2 - 3*j + 7. List the prime factors of a(-5).
47
Let h = -6 + 13. Suppose 0 = -u - h + 2, -3*z - 4*u + 61 = 0. What are the prime factors of z?
3
Let v(q) = -3*q - 1. Suppose d + 2*d - 9 = 0. Suppose -12 = d*g + 2*f, -4*g = 5*f - 2 + 18. List the prime factors of v(g).
11
Let z(o) = -o + 2. Suppose 4*g = -15 - 1. Let c be -2 + (-1 - 0) + g. What are the prime factors of z(c)?
3
Let f(l) = l**3 + 5*l**2 - 2. Suppose 0 = -4*h + 3 - 11. Let x be f(h). Suppose -x = -5*n, -4*n - 13 = -i - 9*n. What are the prime factors of i?
3
Let g(i) = i**2 + 2*i + 5. What are the prime factors of g(-4)?
13
Suppose 9*d = 5*d - 976. Let p be (-4)/(-6) - d/(-6). Let w = p + 57. What are the prime factors of w?
17
List the prime factors of (-145)/(-10)*(2 - 0).
29
Let p(y) = 2*y**2 - 3*y - 2. Let t be p(-3). Let u = -2 + t. List the prime factors of u.
23
Let b = 7 - -10. Let v = b - 8. List the prime factors of v.
3
List the prime factors of (2/4)/((-1)/(-46)).
23
Suppose a = 10 - 1. List the prime factors of a.
3
Let n be 21/(1*(2 + -1)). Let v = n - 14. List the prime factors of v.
7
Suppose 118 = -4*o + 430. What are the prime factors of o?
2, 3, 13
Suppose -40 + 9 = -g. List the prime factors of g.
31
Let p be 6/21 + 6/(-21). Let c be -38 + (p - (-2)/2). Let r = -26 - c. What are the prime factors 